number?
True
Is 14277 a composite number?
True
Is 207091 composite?
True
Is 1003709 prime?
False
Is 29077 a prime number?
True
Is 396997 a prime number?
True
Is 445537 a composite number?
False
Is 69547 composite?
True
Is 4511 prime?
False
Is 64679 a prime number?
True
Is 2622043 a prime number?
False
Is 19029 a prime number?
False
Is 7 composite?
False
Is 255761 prime?
False
Is 219 a composite number?
True
Is 146359 a composite number?
False
Is 305587 composite?
True
Is 459593 a composite number?
False
Is 71507 a composite number?
True
Is 13613 a prime number?
True
Is 360529 a prime number?
False
Is 175283 composite?
True
Is 339067 prime?
True
Is 9565 composite?
True
Is 1639 a prime number?
False
Is 50831 a composite number?
True
Is 2929 a composite number?
True
Is 760417 composite?
True
Is 57037 a composite number?
False
Is 1541 prime?
False
Is 28181 composite?
False
Is 75007 a prime number?
False
Is 16519 a composite number?
False
Is 330821 a composite number?
False
Is 71317 a prime number?
True
Is 31847 a composite number?
False
Is 54121 a prime number?
True
Is 1668919 composite?
True
Is 470999 a composite number?
False
Is 10169 a prime number?
True
Is 7781 prime?
False
Is 5093 prime?
False
Is 1361 prime?
True
Is 6449 composite?
False
Is 9767 a composite number?
False
Is 2927 composite?
False
Is 325558 composite?
True
Is 1258681 a composite number?
False
Is 520813 a composite number?
False
Is 32647 a composite number?
False
Is 6653 prime?
True
Is 603607 prime?
True
Is 1561 prime?
False
Is 123343 prime?
False
Is 9407 a prime number?
False
Is 74362 prime?
False
Is 218369 composite?
True
Is 53569 prime?
True
Is 1219087 a composite number?
True
Is 3833 prime?
True
Is 153773 a prime number?
False
Is 167747 composite?
False
Is 175495 prime?
False
Is 255221 composite?
True
Is 56159 prime?
False
Is 1961 a prime number?
False
Is 3869 composite?
True
Is 67349 prime?
True
Is 43858 a composite number?
True
Is 29777 a prime number?
False
Is 4811 prime?
False
Is 20803 prime?
False
Is 29453 a composite number?
False
Is 190027 a prime number?
True
Is 1451 prime?
True
Is 1259 a prime number?
True
Is 41858 a prime number?
False
Is 6317 a composite number?
False
Is 46203 prime?
False
Is 17035 a composite number?
True
Is 653 prime?
True
Is 283033 a composite number?
True
Is 5147 prime?
True
Is 5039 composite?
False
Is 167381 a prime number?
True
Is 682141 a composite number?
False
Is 13397 composite?
False
Is 2122 prime?
False
Is 58655 composite?
True
Is 58 a prime number?
False
Is 205055 a prime number?
False
Is 855573 a prime number?
False
Is 127 a composite number?
False
Is 363127 composite?
True
Is 102919 a composite number?
True
Is 86039 a prime number?
False
Is 736493 prime?
False
Is 195527 a composite number?
False
Is 185593 prime?
True
Is 827143 a prime number?
True
Is 56591 a composite number?
False
Is 185981 a composite number?
True
Is 118387 a prime number?
True
Is 100459 prime?
True
Is 144505 prime?
False
Is 39407 prime?
False
Is 9671 a prime number?
False
Is 2411 composite?
False
Is 809 a composite number?
False
Is 2318503 a composite number?
True
Is 29291 prime?
False
Is 6127 prime?
False
Is 160813 prime?
True
Is 459023 prime?
True
Is 5737 prime?
True
Is 33199 a prime number?
True
Is 24377 composite?
True
Is 319 a prime number?
False
Is 30103 a prime number?
True
Is 10211 composite?
False
Is 74959 prime?
True
Is 165811 a composite number?
False
Is 100313 a prime number?
True
Is 149857 a prime number?
False
Is 225679 composite?
True
Is 15959 prime?
True
Is 22595 a prime number?
False
Is 28439 composite?
False
Is 28277 prime?
True
Is 360589 composite?
False
Is 2151359 a composite number?
True
Is 26173 a prime number?
False
Is 6866 a prime number?
False
Is 1202 a prime number?
False
Is 233063 composite?
True
Is 17363 a composite number?
True
Is 6523 a composite number?
True
Is 35749 composite?
True
Is 25793 a composite number?
False
Is 527 composite?
True
Is 691 prime?
True
Is 9293 prime?
True
Is 1664605 a prime number?
False
Is 29599 composite?
False
Is 23741 a prime number?
True
Is 33106 composite?
True
Is 6570649 a composite number?
False
Is 143093 composite?
False
Is 59263 a prime number?
True
Is 169427 a prime number?
True
Is 2183 a prime number?
False
Is 82817 composite?
True
Is 17497 prime?
True
Is 3163 prime?
True
Is 18169 a composite number?
False
Is 5923 prime?
True
Is 109567 prime?
True
Is 83141 a prime number?
False
Is 305717 prime?
True
Is 12679 a prime number?
False
Is 2819 a composite number?
False
Is 22493 a composite number?
True
Is 26365 a composite number?
True
Is 197509 composite?
True
Is 2053 prime?
True
Is 473 a composite number?
True
Is 171493 prime?
False
Is 360391 a composite number?
False
Is 57269 prime?
True
Is 19387 a composite number?
False
Is 664138 composite?
True
Is 751417 a composite number?
True
Is 40861 composite?
True
Is 170039 a prime number?
False
Is 19223 a composite number?
True
Is 19349 a composite number?
True
Is 708893 prime?
True
Is 207967 composite?
False
Is 1251401 composite?
True
Is 310529 a composite number?
True
Is 23509 prime?
True
Is 125981 prime?
False
Is 4324211 composite?
False
Is 25147 a prime number?
True
Is 434157 composite?
True
Is 22559 a composite number?
True
Is 2819 a composite number?
False
Is 20465 a prime number?
False
Is 1259 composite?
False
Is 2921 a composite number?
True
Is 126482 prime?
False
Is 35 composite?
True
Is 776719 a prime number?
True
Is 499021 composite?
False
Is 8353 a composite number?
False
Is 8557 prime?
False
Is 11401 prime?
False
Is 3707 prime?
False
Is 39821 a prime number?
True
Is 286289 prime?
True
Is 353098 a composite number?
True
Is 70673 composite?
True
Is 177321 a composite number?
True
Is 25967 composite?
True
Is 6667 prime?
False
Is 5261 prime?
True
Is 61453 a prime number?
False
Is 458737 prime?
False
Is 5965 a composite number?
True
Is 3821 a composite number?
False
Is 262103 prime?
True
Is 123337 prime?
False
Is 210929 a composite number?
False
Is 170773 a composite number?
False
Is 68569 prime?
False
Is 13147 a composite number?
False
Is 77681 composite?
False
Is 1525093 prime?
True
Is 3360299 composite?
False
Is 7997855 composite?
True
Is 27611 a composite number?
False
Is 59439 a prime number?
False
Is 557587 prime?
False
Is 85474 prime?
False
Is 1907 prime?
True
Is 525201 a composite number?
True
Is 7217 prime?
False
Is 363523 composite?
False
Is 27187 prime?
False
Is 53299 a composite number?
False
Is 25283 composite?
True
Is 11013 composite?
True
Is 778166 a composite number?
True
Is 40667 a composite number?
True
Is 119287 a prime number?
False
Is 41279 a prime number?
False
Is 6801 a prime number?
False
Is 2161 composite?
False
Is 50921 composite?
True
Is 86155 a composite number?
True
Is 73673 composite?
False
Is 14095 composite?
True
Is 41889 composite?
True
Is 178967 prime?
False
Is 2293 a composite number?
False
Is 18947 composite?
False
Is 8639 prime?
False
Is 813893 a prime number?
True
Is 4711 composite?
True
Is 1418473 composite?
True
Is 8657 prime?
False
Is 11545 a prime number?
False
Is 153661 composite?
True
Is 5147 a composite number?
False
Is 173137 prime?
True
Is 229997 a composite number?
True
Is 126019 prime?
True
Is 9133 composite?
False
Is 82001 composite?
True
Is 136946 prime?
False
Is 3981 a prime number?
False
Is 14995 a prime number?
False
Is 3761 a prime number?
True
Is 115901 composite?
False
Is 1201147 composite?
True
Is 587606 composite?
True
Is 3571 prime?
True
Is 435089 prime?
False
Is 56101 composite?
False
Is 224545 composite?
True
Is 3017 a prime number?
False
Is 134833 composite?
True
Is 31763 a prime number?
False
Is 77117 prime?
False
Is 10973 a composite number?
False
Is 1042021 a composite number?
False
Is 69985 prime?
False
Is 192785 a composite number?
True
Is 1000577 a prime number?
True
Is 635 prime?
False
Is 13894 composite?
True
Is 120067 a prime number?
True
Is 54251 a prime number?
True
Is 8609 a composite number?
False
Is 2797 a composite number?
False
Is 3325913 composite?
False
Is 640582 a composite number?
True
Is 1213 composite?
False
Is 183809 prime?
True
Is 2249 composite?
True
Is 142007 a prime number?
True
Is 10559 prime?
True
Is 590899 composite?
False
Is 84081 a composite number?
Tr